 of 514?
False
Does 3 divide 1262?
False
Is 589 a multiple of 19?
True
Is 1897 a multiple of 5?
False
Does 27 divide 18279?
True
Does 12 divide 420?
True
Is 6 a factor of 13251?
False
Is 980 a multiple of 7?
True
Does 38 divide 3216?
False
Is 12877 a multiple of 163?
True
Does 9 divide 459?
True
Does 77 divide 30184?
True
Does 7 divide 819?
True
Is 30 a factor of 2439?
False
Is 2732 a multiple of 4?
True
Is 11199 a multiple of 196?
False
Is 164 a multiple of 41?
True
Is 25 a factor of 878?
False
Is 31634 a multiple of 62?
False
Is 3 a factor of 225?
True
Does 26 divide 910?
True
Is 7 a factor of 6517?
True
Is 4724 a multiple of 34?
False
Is 871 a multiple of 67?
True
Is 15 a factor of 4313?
False
Is 217 a factor of 14105?
True
Is 19 a factor of 17898?
True
Is 67 a factor of 1748?
False
Does 9 divide 12766?
False
Is 28 a factor of 2408?
True
Does 15 divide 49?
False
Is 8514 a multiple of 198?
True
Is 69875 a multiple of 16?
False
Is 654 a multiple of 22?
False
Does 25 divide 2270?
False
Does 38 divide 569?
False
Does 4 divide 25666?
False
Is 6 a factor of 3300?
True
Is 9 a factor of 97849?
False
Does 148 divide 50017?
False
Is 7238 a multiple of 154?
True
Is 155860 a multiple of 44?
False
Does 24 divide 3960?
True
Is 13 a factor of 81081?
True
Is 17738 a multiple of 14?
True
Does 18 divide 57816?
True
Is 5 a factor of 398?
False
Is 17228 a multiple of 37?
False
Does 70 divide 4690?
True
Is 638 a multiple of 22?
True
Is 6 a factor of 222?
True
Does 7 divide 1204?
True
Is 13 a factor of 26?
True
Is 6316 a multiple of 26?
False
Is 485 a multiple of 95?
False
Is 6535 a multiple of 9?
False
Is 34 a factor of 272?
True
Is 9858 a multiple of 183?
False
Is 609 a multiple of 29?
True
Is 1439 a multiple of 27?
False
Is 6 a factor of 797?
False
Is 2210 a multiple of 13?
True
Is 68 a factor of 8019?
False
Is 5839 a multiple of 7?
False
Is 47 a factor of 36566?
True
Is 3276 a multiple of 84?
True
Is 1485 a multiple of 5?
True
Does 2 divide 2308?
True
Is 13 a factor of 3016?
True
Does 18 divide 1430?
False
Is 10 a factor of 3593?
False
Is 61 a factor of 5232?
False
Is 912 a multiple of 48?
True
Is 724 a multiple of 2?
True
Is 18461 a multiple of 5?
False
Is 20 a factor of 24269?
False
Is 12 a factor of 21864?
True
Is 72 a multiple of 3?
True
Is 5 a factor of 205?
True
Is 21 a factor of 6785?
False
Is 52 a factor of 1087?
False
Is 2 a factor of 51?
False
Is 93 even?
False
Is 23 a multiple of 23?
True
Does 10 divide 2147?
False
Is 2067 a multiple of 13?
True
Does 22 divide 199?
False
Is 2 a factor of 238?
True
Is 30 a factor of 174090?
True
Is 17 a factor of 160914?
False
Is 3716 a multiple of 34?
False
Does 120 divide 25560?
True
Does 8 divide 1640?
True
Is 40251 a multiple of 77?
False
Is 2079 a multiple of 99?
True
Does 8 divide 11720?
True
Does 15 divide 300?
True
Does 12 divide 1296?
True
Does 7 divide 1395?
False
Is 35150 a multiple of 25?
True
Does 34 divide 1143?
False
Is 19422 a multiple of 249?
True
Does 66 divide 30954?
True
Does 10 divide 593?
False
Is 58 a factor of 22416?
False
Does 30 divide 523?
False
Is 651 a multiple of 7?
True
Is 7 a factor of 303?
False
Does 15 divide 345?
True
Does 291 divide 52671?
True
Does 114 divide 43193?
False
Does 13 divide 169?
True
Is 24 a multiple of 6?
True
Does 9 divide 1737?
True
Is 43 a factor of 981?
False
Is 7326 a multiple of 66?
True
Is 38429 a multiple of 12?
False
Does 4 divide 2220?
True
Is 472 a multiple of 30?
False
Is 10 a factor of 40?
True
Does 42 divide 9240?
True
Is 15901 a multiple of 130?
False
Does 5 divide 105?
True
Is 118 a multiple of 10?
False
Is 14 a factor of 3542?
True
Is 1331 a multiple of 11?
True
Does 12 divide 9008?
False
Does 42 divide 46662?
True
Does 58 divide 58724?
False
Is 16 a factor of 272?
True
Is 3367 a multiple of 91?
True
Is 1274 a multiple of 91?
True
Is 451 a multiple of 55?
False
Is 16376 a multiple of 23?
True
Is 422 a multiple of 3?
False
Is 154 a factor of 22172?
False
Is 8508 a multiple of 22?
False
Is 7237 a multiple of 144?
False
Is 7248 a multiple of 60?
False
Is 4 a factor of 14?
False
Is 8925 a multiple of 119?
True
Does 5 divide 550?
True
Is 13612 a multiple of 83?
True
Is 32 a factor of 1152?
True
Does 3 divide 882?
True
Is 5 a factor of 148?
False
Does 21 divide 80556?
True
Is 14 a factor of 3528?
True
Is 21 a multiple of 3?
True
Does 26 divide 861?
False
Is 5696 a multiple of 76?
False
Is 58341 a multiple of 415?
False
Is 969 even?
False
Does 8 divide 10560?
True
Is 30600 a multiple of 24?
True
Does 36 divide 84499?
False
Is 21814 a multiple of 17?
False
Is 45248 a multiple of 279?
False
Is 195 a factor of 5460?
True
Is 8272 a multiple of 44?
True
Is 12 a factor of 1811?
False
Does 21 divide 714?
True
Does 29 divide 4988?
True
Does 12 divide 972?
True
Is 106 a factor of 127624?
True
Is 6 a factor of 2439?
False
Is 21781 a multiple of 23?
True
Does 12 divide 32376?
True
Is 11 a factor of 52?
False
Is 4 a factor of 128?
True
Is 75504 a multiple of 53?
False
Is 660 a multiple of 55?
True
Is 73 a factor of 71439?
False
Is 14 a factor of 4830?
True
Is 1349 a multiple of 19?
True
Does 24 divide 5112?
True
Is 964 a multiple of 53?
False
Is 12341 a multiple of 14?
False
Does 6 divide 108?
True
Is 13 a factor of 8112?
True
Is 127 a factor of 72547?
False
Is 45 a factor of 2604?
False
Does 55 divide 15794?
False
Does 142 divide 8804?
True
Is 2767 a multiple of 99?
False
Is 966 a multiple of 46?
True
Is 65869 a multiple of 199?
True
Is 16 a factor of 736?
True
Does 34 divide 66?
False
Is 30 a factor of 55449?
False
Is 11 a factor of 10329?
True
Is 53 a factor of 1025?
False
Does 36 divide 2719?
False
Is 53523 a multiple of 185?
False
Is 41345 a multiple of 42?
False
Does 50 divide 7589?
False
Is 1955 a multiple of 28?
False
Does 20 divide 18785?
False
Does 13 divide 3159?
True
Does 12 divide 22752?
True
Is 4680 a multiple of 40?
True
Is 343 a multiple of 3?
False
Does 24 divide 4761?
False
Is 9085 a multiple of 9?
False
Is 52 a multiple of 4?
True
Is 2313 a multiple of 5?
False
Is 34860 a multiple of 249?
True
Is 8 a factor of 800?
True
Does 61 divide 12954?
False
Is 6 a factor of 924?
True
Is 46 a factor of 3098?
False
Does 13 divide 1767?
False
Is 66 a factor of 14586?
True
Is 40 a factor of 4000?
True
Does 25 divide 1125?
True
Is 47563 a multiple of 296?
False
Is 495 a multiple of 5?
True
Is 21 a factor of 96?
False
Is 51 a factor of 1989?
True
Does 6 divide 63817?
False
Is 1417 a multiple of 18?
False
Does 95 divide 5881?
False
Is 32 a factor of 1327?
False
Does 3 divide 90?
True
Is 3011 a multiple of 38?
False
Is 624 a multiple of 24?
True
Is 2547 a multiple of 52?
False
Does 7 divide 308?
True
Does 111 divide 4662?
True
Is 73 a factor of 5500?
False
Is 16 a factor of 2427?
False
Is 32 a factor of 7776?
True
Is 7 a factor of 149?
False
Does 392 divide 91866?
False
Is 5 a factor of 7461?
False
Is 26 a multiple of 26?
True
Does 96 divide 13344?
True
Does 50 divide 5047?
False
Is 18 a factor of 10908?
True
Is 371 a multiple of 6?
False
Is 33 a factor of 34972?
False
Is 4 a factor of 456?
True
Is 27 a factor of 821?
False
Is 10018 a multiple of 57?
False
Does 43 divide 12083?
True
Does 13 divide 403?
True
Is 18 a factor of 97?
False
Does 21 divide 24537?
False
Is 116 a multiple of 29?
True
Does 40 divide 34241?
False
Is 77 a factor of 6776?
True
Does 15 divide 53010?
True
Is 2660 a multiple of 19?
True
Does 5 divide 116?
False
Is 2494 a multiple of 161?
False
Is 331 a factor of 8606?
True
Is 4 a factor of 34546?
False
Is 87 a factor of 14900?
False
Is 3420 a multiple of 36?
True
Does 15 divide 4185?
True
Is 26048 a multiple of 44?
True
Is 64356 a multiple of 93?
True
Is 37452 a multiple of 95?
False
Does 24 divide 14723?
False
Is 13 a factor of 2184?
True
Is 1653 a multiple of 3?
True
Is 4898 a multiple of 28?
False
Is 49 a factor of 2036?
False
Does 309 divide 44496?
True
Is 316 a multiple of 4?
True
Does 9 divide 1116?
True
Is 13 a factor of 884?
True
Is 10 a factor of 10775?
False
Is 9708 a multiple of 11?
False
Is 11149 a multiple of 200?
False
Is 31475 a multiple of 14?
False
Is 3276 a multiple of 18?
True
Is 7942 a multiple of 14?
False
Does 21 divide 2814?
True
Is 12 a factor of 27532?
False
Is 1122 a multiple of 17?
True
Is 23100 a multiple of 42?
Tru